c = -w*y + 24. What is the highest common factor of c and 4?
4
Suppose -28 = -3*o + 3*s + 32, 3*o - 2*s = 60. Let r = 72 + -70. Suppose 2*k = k - 2*b + 56, -r*b - 64 = -k. Calculate the greatest common factor of k and o.
20
Suppose 300 + 155 = 7*b. Suppose 3*y + 2*q - 41 = 0, y + 5*q - b = -4*y. Calculate the highest common factor of 120 and y.
15
Let k(i) = -i**3 - 14*i**2 - 2*i - 9. Let m be k(-14). Let t = m + -10. What is the highest common factor of 9 and t?
9
Let r = -417 - -466. What is the highest common divisor of r and 441?
49
Let a(b) = 8*b**3 + 4*b**2 + 2*b - 2. Let m be a(-2). Let h be m*(-9)/(-12)*(-24)/9. Calculate the greatest common divisor of 54 and h.
54
Let n be (3/(-4) - (-420)/(-16))*(7 + -8). Suppose 3*w - 729 = -0*w. Calculate the highest common divisor of w and n.
27
Let f = -2307 + 2311. Calculate the greatest common factor of f and 392.
4
Suppose -3 - 3 = -6*k. Let x(o) = 13*o**2 + o + 1. Let m be x(k). What is the highest common divisor of 60 and m?
15
Suppose -2*a - 46 = -2*b, 3*a + 100 = b + 23. Let i = a + -18. Let p = -24 - i. What is the highest common divisor of p and 21?
21
Suppose 4*a = 5*s + 375, 0 = 3*a - 0*s - 2*s - 276. Suppose -4*y + a = y - 5*z, -y - 5*z - 6 = 0. What is the highest common factor of 42 and y?
14
Suppose -2*w + 189 = w. Let c(m) = -70*m**2 - 345*m + 39. Let f be c(-5). Calculate the highest common divisor of f and w.
7
Suppose 92 = -13*q + 17*q. Suppose -n + q = 3*f, n + 4*n = -3*f + 67. Calculate the greatest common factor of n and 121.
11
Suppose 4*t = 4*s + 76, 4*s + 0*t = -3*t - 48. Let i = -13 - s. Calculate the greatest common divisor of i and 18.
2
Let z(p) = 7*p**2 - 187*p - 42. Let a be z(28). What is the greatest common divisor of 330 and a?
30
Let s(m) = -2*m**3 + 2*m**2 + 23*m - 1. Let i be s(-3). What is the highest common divisor of 16 and i?
2
Suppose -5*s - 1048 = -3*o - 19, 1047 = 3*o + s. Calculate the highest common divisor of o and 36.
12
Let d(g) = -3*g + 10. Suppose 18 = -3*z - 21. Let y be d(z). What is the greatest common factor of 7 and y?
7
Let b(h) = -h**2 - 6*h - 6. Let n be b(-3). Let p = 6 + -2. Suppose z + z - p = 0. What is the highest common divisor of z and n?
1
Let h(j) = j + 10. Let w be h(-8). Suppose 0*i + 5*i = -3*l + 25, 5*i - w*l = 0. What is the greatest common divisor of i and 6?
2
Suppose -5*y + 1782 = 282. Suppose 2*h - y = -3*h. Let j(i) = 4*i + 4. Let o be j(5). What is the highest common divisor of h and o?
12
Let r = -272 + 304. What is the highest common factor of 20 and r?
4
Suppose 5*b = 7*o - 3*o - 51, -2*o = 4*b - 32. Let w = -80 - -234. Calculate the greatest common factor of w and o.
14
Let j = -987 - -1589. Calculate the highest common divisor of j and 112.
14
Let d be 28/(-7)*(-1)/1. Let z be 3 + 3/(-6)*-4. Suppose -2*b = -z*b + 60. Calculate the highest common factor of b and d.
4
Let c(k) = 2*k**3 - 38*k**2 + 14*k - 18. Let y be c(19). Suppose y = 9*r - 58. What is the greatest common divisor of 153 and r?
17
Let m = 2 + -17. Let c = m - -20. Suppose -v + c*x + 45 = 0, 2*v - 20 = -6*x + 2*x. Calculate the greatest common divisor of 30 and v.
10
Let g = -5 + 21. Suppose -5*o = -o + 8, 2*u - g = 4*o. Suppose -u*p = -160 - 320. Calculate the greatest common divisor of p and 24.
24
Suppose 6*x = x - 2*q + 50, 3*q = 0. Calculate the highest common factor of x and 70.
10
Let f(m) = m - 1. Let i be f(3). Suppose -l - 2 = w, 5*l + 18 = w + i*l. Let q be (-742)/(-35) + (-1)/5. What is the highest common divisor of w and q?
3
Let y = 34 + -31. Suppose 0 = -y*i + 52 - 16. Calculate the highest common divisor of 36 and i.
12
Let q(m) = 18*m + 128. Let f be q(32). Calculate the highest common divisor of f and 22.
22
Suppose -5*j - 410 = -5*g, 4*g - 4*j = -2*j + 318. Calculate the highest common divisor of g and 121.
11
Let j = 1 + -5. Let y(v) = -v**3 - 4*v**2 + 2. Let u be y(j). Suppose u = -3*m + 20. Calculate the greatest common factor of m and 18.
6
Let p be -10*(-2)/(8/6). Let r(i) = -8*i**3 - 7*i**2 - 5*i - 1. Suppose 10*j = -4*j - 28. Let z be r(j). Calculate the greatest common factor of p and z.
15
Let k = 3138 + -3078. Suppose -2*c - 2*q + 30 = 0, 5*c + 0*q - 75 = q. What is the highest common divisor of c and k?
15
Suppose -k + 4 = -0. Suppose 2*i = k*y - 308, 4*y - 250 = -3*i + 38. Suppose -4*o - o = -y. What is the highest common factor of 30 and o?
15
Let k(g) be the second derivative of g**3/6 + 24*g**2 - 17*g - 1. Let l be k(-24). Calculate the highest common factor of 3 and l.
3
Let c(i) = 2*i**2 - 18*i + 44. Let w be c(6). What is the highest common factor of 32 and w?
8
Let h = 66 + -62. What is the highest common divisor of h and 10?
2
Suppose -732 = -141*c + 80*c. What is the highest common divisor of 852 and c?
12
Let t(k) = k**3 + 5*k**2 + 2. Let w be t(-5). Let q be (1/w)/(3/(-6)). Let o be 2 + (1 - 0) + q. What is the highest common divisor of o and 5?
1
Let j be (251 - -4)/(-5)*1. Let x = -9 - j. What is the greatest common factor of 14 and x?
14
Suppose 2*v - 84 = -2*m, 3*v - 7*v + 8 = 0. Calculate the highest common factor of 52 and m.
4
Suppose 0 = -o + 1, -4*m + 0*m + 5*o = -939. What is the highest common factor of 354 and m?
118
Let f = 1167 + -1159. Let h(q) = 2*q - 1. Let n be h(6). Let y = n - -9. What is the highest common factor of f and y?
4
Suppose -5*m - 29 = -3*i, 5*i + 0*i = 4*m + 18. Let b be ((-3080)/(-196))/((-1)/m). What is the highest common divisor of b and 10?
10
Let r = -27 + 35. Let g be ((-22)/r)/((-11)/44). Suppose -5*p = 2*h - 227, -3*h + 4*p + 76 = -299. What is the greatest common factor of g and h?
11
Let f be -2 - (-9)/(27/6). Let o(x) = x**3 - x**2 - x + 3. Let r be o(f). Calculate the highest common factor of 9 and r.
3
Let x be 1558/19 + 3/(3 - 2). What is the highest common factor of x and 65?
5
Let q be (-9807)/(-9) + 20/60. Calculate the greatest common factor of q and 10.
10
Suppose 8*r = 1344 + 704. Calculate the greatest common divisor of r and 48.
16
Suppose 2*f = -2*f + 220. Let v = f + -32. Calculate the highest common factor of v and 115.
23
Let n(t) = -16*t - 393. Let u be n(-40). What is the greatest common factor of 78 and u?
13
Let t(x) = 8*x**2 - 6*x - 2. Let k be t(2). Let g(h) = -h**3 - 4*h**2 + 11. Let s be g(-5). What is the highest common factor of k and s?
18
Suppose 0 = b + 5*z - 8, -3 = 4*b - 3*z - 12. Suppose -2 = -b*l + 13. Calculate the greatest common divisor of 55 and l.
5
Let j = 1415 - 794. What is the greatest common factor of 27 and j?
27
Let c = -2 + 6. Let m be 17 + (-2 + -5 - -2). Calculate the highest common divisor of c and m.
4
Suppose -2*c = -18*c + 256. Calculate the highest common divisor of c and 2.
2
Let u(h) = 56*h**2 - 5*h - 7. Let x be u(-1). What is the highest common divisor of x and 27?
27
Let b be (18 - 15) + (2 - 0). Calculate the highest common divisor of b and 20.
5
Suppose -5*h + 185 = 5*d, -5*h - 6 - 1 = -d. Let m be (12/24)/(2/d). What is the greatest common divisor of 20 and m?
4
Let u = 282 + 191. What is the highest common factor of u and 43?
43
Suppose -2*l + 2*a + 474 = -a, -5*a = 2*l - 506. Calculate the highest common factor of l and 9.
9
Let j be (9/2)/((-3)/(-258)). Calculate the highest common divisor of 9 and j.
9
Let k = -133 - -125. Let h be k/4*((-2)/1 - 8). What is the greatest common factor of 10 and h?
10
Suppose -5*j = 5*v - 35, 5*j - 7*j + 5*v + 14 = 0. Suppose -13*f = -j*f - 360. What is the greatest common divisor of 12 and f?
12
Suppose 8*u - 7*u = n + 46, -12 = 4*n. Calculate the greatest common divisor of u and 172.
43
Let y(b) = 10*b**2 - 24*b - 50. Let k be y(11). What is the highest common divisor of 14 and k?
14
Let w = 117 + -87. Suppose w = k + 3. Let h(f) = f**3 - f**2 - 2*f - 3. Let z be h(3). Calculate the highest common divisor of k and z.
9
Let f(n) = -9*n + 35. Let h(y) = -3*y**3 + y**2 + 4*y - 1. Let p be h(2). Let x be f(p). What is the highest common factor of x and 19?
19
Let u = -212 + 272. What is the highest common divisor of 12 and u?
12
Let p = -382 - -397. Calculate the highest common factor of 15 and p.
15
Suppose 0 = -2*r + r + 40. Let b = 48 + -45. Suppose -b*w + 0*w + 171 = 3*f, 3*f - 4*w - 192 = 0. What is the greatest common divisor of f and r?
20
Let h(v) = v**3 + 30*v